= y + y. Suppose r + a = y, 52 = 4*r - a - 4*a. Suppose r*z - 17*z = -17811. Is z composite?
False
Let q(m) be the first derivative of -m**4 - m**3 - 3*m**2/2 - 3*m + 100. Is q(-14) a prime number?
True
Suppose -13*x = -100 + 269. Let v = x - -13. Suppose 5*z + 3*f = 7328, -3*z - 2*f - 535 + 4932 = v. Is z a composite number?
True
Let r = -1308 + 42307. Is r prime?
False
Suppose -2*a + 5*x + 409557 = 0, -1023910 = -a - 4*a - 5*x. Is a prime?
True
Let h = -1726 - -2427. Let p = h - 27. Is p a prime number?
False
Suppose -16*i + 70269 = -13*i + 4*x, 0 = 3*i + 5*x - 70269. Suppose -7*s + 10898 = -i. Is s a composite number?
False
Let q be ((-35)/(-20))/(3/1788). Suppose -6*n + q = -5*n. Suppose u - n = -3*s, 5*s + 1059 = u - 0*s. Is u composite?
False
Let m(u) = u**3 + 10*u**2 + 5*u + 35. Let r be m(-10). Let w(a) = -a**3 - 8*a**2 + 18*a - 12. Is w(r) a composite number?
True
Let f(g) = -g - 14. Let u(z) = -2*z**2 - 7*z - 1. Let l be u(-5). Let p be f(l). Suppose -2826 = -p*v + 4696. Is v prime?
True
Suppose -4*m = -8*m + 11264. Let t = m - 1915. Is t a composite number?
True
Let h(j) = 272*j**2 - 3*j - 22. Let x = -308 - -305. Is h(x) composite?
True
Let z(n) = -3*n**2 + 26*n - 3. Let x be z(8). Is ((-13)/2)/x*-4586 a composite number?
False
Let g = 104 - 102. Suppose 5*f + i - 5969 = -g*i, -2*f + i + 2381 = 0. Suppose -21*x - f = -25*x. Is x prime?
False
Suppose 0 = 2*x - 5*t + 85580 - 254533, 3*t = -5*x + 422460. Is x composite?
True
Let c be (10 - (5 + 2)) + 0 + 4. Suppose -c*f - 37143 = -95390. Is f prime?
False
Let u(c) = -37982*c - 62. Is u(-2) a composite number?
True
Let q be 279 - ((-6)/18)/((-1)/(-3)). Let w(i) = 21*i - 3. Let j be w(6). Let y = q - j. Is y composite?
False
Suppose 62*r - 402 = 63*r. Let a = r - -2225. Is a composite?
False
Let l(x) = 152*x + 7. Let d = -3 - -1. Let r be 10*(-3 - d)/(-2). Is l(r) a prime number?
False
Let h(s) = s**3 - 28*s**2 + 161*s - 225. Is h(33) a prime number?
False
Is (-2122061)/(-664)*(-2 - -10) a composite number?
True
Suppose 4*n + 13*c = 11*c + 265442, 3*n + c - 199080 = 0. Is n composite?
False
Let y = -89 - -91. Suppose -y*u - u + 4438 = w, -2*u = 4*w - 17762. Is w prime?
True
Let q = 66945 - 16898. Is q prime?
True
Suppose -9*u + 7*u + 52154 = 0. Is u a composite number?
True
Let k be 0 + 3 + -1 + 0. Suppose -k*o = 124 - 1142. Is o + -5 - (-4 - -3) a composite number?
True
Let z(g) = g**2 + 3*g. Let r(o) = -16*o**2 - 21*o + 37. Let p(s) = -r(s) - 3*z(s). Is p(18) prime?
True
Is (1629/(-362))/((-18)/279308) a composite number?
False
Suppose -616*z - 35 = -623*z. Suppose -d - 16*l + 1287 = -18*l, l = z*d - 6453. Is d a composite number?
False
Is 1985785/24 + (-896)/21504 a composite number?
True
Let u be ((-21)/(-42))/((-2)/(-60028)). Let n = -9840 + u. Is n a composite number?
False
Let a = 1179 - 466. Let k(j) = 58*j. Let b be k(6). Let i = b + a. Is i a prime number?
True
Suppose 4*f - 12 = -4*g, g + 2*g = -4*f + 9. Suppose -4*d + g*h + 22 = 5*h, -2*h = 10. Let j(z) = 3*z**3 - 9*z**2 - 5*z + 17. Is j(d) a prime number?
True
Suppose 95*h - 13477936 = 79*h. Is h prime?
True
Let o(l) = 44495*l - 1492. Is o(6) composite?
True
Suppose -m + 0*m - 5 = -3*o, 25 = 5*o. Suppose -m = -2*f - 3*f. Suppose 4*i + 4*y = 1152, f*i - 561 = -3*y - 2*y. Is i a composite number?
False
Let i(l) = -1193*l**3 + 33*l**2 + 263*l - 5. Is i(-8) a prime number?
False
Suppose -2 = l - 3*b - 3, 4*b - 5 = -5*l. Suppose -3*d = -2*w + 61, -w = -0*w + l. Is d/147 + 8864/14 a composite number?
True
Suppose -175712 = -2*m - 2*a, -2*m - 17*a + 20*a + 175687 = 0. Is m composite?
True
Let l = 346555 - 192684. Is l a prime number?
True
Let z(j) = 106052*j - 201. Is z(4) composite?
False
Let x(u) = -u**3 + 29*u**2 + 8*u + 21. Let s(y) = 2*y - 26. Suppose -3*w + j + 48 = -16, 2*w = 2*j + 48. Let a be s(w). Is x(a) a composite number?
True
Let n(m) = -470*m**3 + 2*m**2 - 28*m - 51. Is n(-10) prime?
True
Suppose b + 2*h = 8353, b + h - 7683 - 671 = 0. Suppose -b - 108240 = -9*i. Is i prime?
False
Let l(o) = -3*o + 7. Let h be l(3). Let u be (-6)/h + 9504/8. Suppose u = -p + 4*p. Is p composite?
False
Let m = -738487 + 1208444. Is m prime?
True
Let w(b) = 2885*b**3 - b**2 + 12*b - 11. Is w(3) a prime number?
False
Suppose 4*y - 8 = -0. Let l be (-1)/(y + (-183)/90). Suppose -x = -l - 187. Is x a prime number?
False
Let k(h) = -66595*h - 121. Is k(-2) composite?
False
Suppose 2*o - 4272 = -5*y, -o + 0*o - 5*y + 2136 = 0. Suppose -18*m + o = -21*m. Let g = -21 - m. Is g a composite number?
False
Is 24/(-204) + 325962/34 a composite number?
False
Let i be (-6)/(-12) - (-3)/2. Suppose 0*z = y - z - 9, -3*y = i*z - 32. Let m(j) = 2*j**2 + 11. Is m(y) a composite number?
False
Let l(t) = 4*t - 2. Let g be l(6). Let c = 21 - g. Is ((-1)/3)/((-1 + c)/318) a prime number?
True
Suppose 54*d - w = 49*d + 921455, 0 = -4*w. Is d composite?
False
Suppose -2*w + 84579 = g, 87*g + 84573 = 88*g + 5*w. Is g a prime number?
False
Let r be -11*(0 + -137) + -2. Suppose 3*x - r = 130. Let z = x + -308. Is z composite?
True
Suppose 0 = 4*x - 3*j - 15244537, -3*x + 11433403 = -6649*j + 6647*j. Is x prime?
False
Suppose -2*n = -4*n, 5*d + 5*n = 30. Let t(f) = 71*f**2 - 5*f - 2. Let g be t(d). Let q = g - 1603. Is q a prime number?
False
Suppose -15*w + 63295 = 279805. Let p = -10013 - w. Is p composite?
False
Let l(b) = 1672*b**2 + 291*b - 6. Is l(-11) a prime number?
False
Suppose -2*f - 76383 = 4*l - 276049, 5*f - 499180 = -5*l. Is f prime?
True
Is ((-25)/15)/((-65)/1843881) prime?
True
Let s be (1/((-20)/12072))/(2/(-10)). Suppose 0 = 2*g - 796 - s. Let j = g - 1240. Is j a prime number?
False
Let b(x) = 76*x**2 + 24*x - 1. Suppose 19*h - 4*h - 135 = 0. Is b(h) prime?
False
Is 0 + -7 - (-42717 + 121) a prime number?
True
Suppose 847213 = x - 2*c, 47*c - 847214 = -x + 50*c. Is x a prime number?
False
Suppose -p + 2*p = 5*w - 27, 0 = 4*p + 2*w + 20. Let l(x) = 476*x - 9. Let k be l(-3). Is p/(-14) - k/2 a composite number?
False
Let w(p) = -888*p - 1769. Is w(-27) composite?
True
Suppose -5*z = -20, 4*x - 5*z + 128 = 8*x. Suppose 17 = 3*c - 4*d, -d + 2*d + x = 4*c. Is 1/(-2)*(-871 - c) composite?
False
Let n(u) = 21*u**2 + 101*u - 283. Is n(-86) prime?
True
Let j = -31020 + 62053. Is j a prime number?
True
Let k(p) = -11*p - 53. Let m be k(-5). Suppose 0 = 3*g - 2*c - 6301, -7*g + 5*c + 10500 = -m*g. Is g composite?
True
Suppose 32 = -s + 3*t, 4*s + 129 + 17 = 3*t. Let c = -39 - s. Is ((-1037)/51)/(c/33) composite?
True
Let h = 170 - 116. Let f = h + -52. Suppose 0 = -4*k - 3*y + 236, -5*y = 3*k + f*k - 295. Is k a prime number?
True
Let t(y) = y**3 - 23*y**2 - 24*y - 3. Let m be t(24). Let b(z) = -2085*z + 34. Is b(m) a composite number?
True
Suppose -133*v + 124*v = -87408. Suppose c + 5*b - 3214 = 0, 0*c - b + v = 3*c. Is c a composite number?
True
Is (-2)/33 - 14254451/(-33) prime?
False
Suppose 0 = f - 0*f - 3. Suppose -2*d + 9 = -0*r + 3*r, -f*d = -2*r - 7. Suppose 0 = -d*p + 982 + 917. Is p prime?
False
Suppose -k - 130903 = -18*k - 5*h, 0 = -4*k - h + 30800. Is k a prime number?
True
Suppose -3*w - 6 = -2*r + 5*r, -8 = 3*w + 2*r. Is 4 - (-1045 + (w - -10)) prime?
False
Suppose 4*s = -q + 5, s + 0*q + 3*q = 15. Suppose 12*n + 2*n - 205338 = s. Is n a composite number?
True
Let n = -56717 - -30527. Let y = -13939 - n. Is y composite?
False
Let n = 27 - 22. Suppose -2*o + n*l - 1012 = 3*l, 0 = 4*o - 5*l + 2020. Let g = o - -1565. Is g composite?
True
Suppose -4*s + s = -3*v + 6, -2*s - 5*v = -24. Is 10/25 - s*201415/(-50) prime?
False
Let i = -2725 - -7791. Suppose -2*z = -i + 1648. Is z a prime number?
True
Let n be 5 - -1 - (1 + 3). Suppose 5*o + n*m = -4, 2*o + 10 = -4*m - m. Suppose -4*t = -o*t - 2692. Is t a prime number?
True
Suppose -4*k + 6*k = 102338. Is k a composite number?
False
Suppose -144*k + 38027 = -141*k + 4*d, -5*k - 2*d = -63397. Let g = 43442 + k. Is g a prime number?
True
Let z = 18 - 38. Let o(d) be the first derivative of 2*d**3/3 + d**2/2 - 41*d + 1685. Is o(z) prime?
True
Suppose -3*w + 43 = 97. Let j = -105 - w. Let c = 10 - j. Is c composite?
False
Let s be -470 + (7 - 2) + -4. Let v = 666 - s. Is v composite?
True
Suppose 0 = -10*x - 5*x + 902775. Is x a composite number?
True
Suppose -10 = -3*x - 1, 536949 = 3*o + 4*